ainder when (1 + -13 + 35/(-7))*(-3 - 3) is divided by 51?
0
Let l = -208 + 208. Suppose -27*o + 31*o - 116 = l. Calculate the remainder when 82 is divided by o.
24
Let y(r) = -321*r**2 - 1802*r + 18. What is the remainder when y(-5) is divided by 470?
63
Suppose 0 = 15*l + 10206 - 13656. Calculate the remainder when l is divided by 58.
56
Let n = 8370 - 7296. Calculate the remainder when n is divided by 91.
73
Let p = 139 + -136. Suppose -p*c + 234 = 15*c. Calculate the remainder when c is divided by 7.
6
Let v be 18/4 - 4/(-8). Suppose -2*w = -5*d + 265, 3*d + 1 = -v*w + 191. Calculate the remainder when d is divided by 20.
15
Let b = 21 - 34. Let m = 18 - b. Suppose 0 = 4*o - 2 - 50. Calculate the remainder when m is divided by o.
5
Let q(b) = b**2 - 20*b - 158. Suppose -3*m + 49 = 5*x - 33, 0 = -4*m + 4*x + 56. Calculate the remainder when q(27) is divided by m - (-4 - (3 + -7)).
12
Let u = 6571 + -6320. What is the remainder when u is divided by 28?
27
Let z(j) = -52*j**3 + 2*j**2 - 2. Let o be z(-1). Suppose 0 = -3*u + 181 - o. Let a = 58 - u. What is the remainder when 22 is divided by a?
7
Suppose -2*d + 95 = -3*p - 243, -2*p = 0. Suppose 2*w = -5*y + d, 5*y - 250 = -3*w + y. Calculate the remainder when 152 is divided by w.
70
Let a be 1/(0/(-3) - -1) + -142. Let o = 201 + a. Suppose 0 = -2*v + v + 16. Calculate the remainder when o is divided by v.
12
Let q(t) = 5*t**2 - 9*t - 280. What is the remainder when q(10) is divided by 111?
19
Let b = -238 + 412. Suppose 12 = 2*s - 8. Suppose -2*u = -s - 34. Calculate the remainder when b is divided by u.
20
Suppose -6*g + 247 = 13. What is the remainder when g is divided by 1*(-12)/14*-7?
3
Suppose 6*a - 777 = q, 12*a = 15*a - 3*q - 381. What is the remainder when 692 is divided by a?
42
Suppose 23*u = 14*u + 9126. What is the remainder when u is divided by 506?
2
Suppose -5*i = 20, -c = 4*i + 210 - 1734. Calculate the remainder when c is divided by 91.
84
Let g = -3304 - -8689. Calculate the remainder when g is divided by 142.
131
Suppose -21*i - 1323 = 630. Calculate the remainder when (669/12)/(8 - i/(-12)) is divided by 70.
13
Let h = -11 - -7. Let x(p) = 2*p**2 + 4*p - 3. Suppose 0 = -l + z - 1200 + 1274, -4*l + 5*z = -294. Calculate the remainder when l is divided by x(h).
11
Suppose 0 = 3*u + 4*m - 95, u - 42 = -2*m - 9. What is the remainder when 182 is divided by u?
8
Let q be 19/57 - (-137)/3. Suppose 6 = -2*d, 3*d - q - 40 = 5*j. Calculate the remainder when 62 is divided by (-10)/5 - (j - 4).
20
Let y(w) = -2*w**3 + w**2 - 12*w - 9. Let c be y(-7). Calculate the remainder when ((-6)/18)/((-5)/c) is divided by 11.
10
Let z be ((-2)/3)/((-2)/9). Suppose 32*t - 59 = -3*t + 641. What is the remainder when t is divided by (3/z)/(1/14)?
6
Let g = 35 + -13. Let z(a) = -a**3 + 6*a**2 + 13*a + 2. Let j be (2/(8/6))/(16/64). Calculate the remainder when z(j) is divided by g.
14
Let t = -356 + 441. What is the remainder when 45 is divided by (t/10)/((-3)/(-6))?
11
Let a(i) = -i**3 - 8*i**2 - 6*i + 10. Let n be a(-7). Let w be 1*(-12 + n) + 2. Let b(x) = -x**2 - 8*x + 2. What is the remainder when 35 is divided by b(w)?
8
Let h be 115076/28 + (-1)/(-7). Suppose -6*c + c + h = 0. Calculate the remainder when c is divided by 75.
72
Calculate the remainder when (2/(-4))/((-23652)/(-480240) - (-2)/(-40)) is divided by 135.
127
Let z(a) = -9*a + 6. Let d(f) = -1662*f - 34886. What is the remainder when z(-6) is divided by d(-21)?
12
Let p(u) = -6*u. Let l be p(-1). Suppose 6*y = 4*y - 3*q + 9, 0 = -2*q - 6. Calculate the remainder when 5/(-15) - (-98)/l is divided by y.
7
Suppose -297*d = -187*d - 9790. Let g(k) = 4*k**2 - 5*k + 1. Calculate the remainder when d is divided by g(4).
44
Let m = -48 + 50. Let c(b) = -32 - b**m + 50 + 0*b - 2*b - 8*b. What is the remainder when c(-8) is divided by 9?
7
Let x(q) = 345*q**2 + 3*q + 26. Calculate the remainder when 4208 is divided by x(-2).
8
Suppose -2*d = 2*n + 3*n - 31, -d - 2*n + 15 = 0. Let r = 83 - -291. Calculate the remainder when 5/(-15) + r/6 is divided by d.
10
Let y(n) = -n**3 - 11*n**2 - 29*n - 12. What is the remainder when 218 is divided by y(-8)?
22
Let k = -91 + 263. Suppose -16*r = 14*r - 480. Calculate the remainder when k is divided by r.
12
Suppose 19478 - 59603 = -26*d + 70999. Calculate the remainder when d is divided by 102.
92
Let o(y) = -127*y - 2392. What is the remainder when 393 is divided by o(-19)?
15
Let c be (3 + (-95)/15)*(-6)/5. Suppose c*f + 17 = 237. Suppose 4*a + 12 = 0, 6*a - 9*a = 4*m - f. What is the remainder when 46 is divided by m?
14
Let k = -126 - -128. Suppose -4*b - 6*q + 544 = -k*q, 0 = 5*b + q - 684. Calculate the remainder when b is divided by (1 - -29) + 0 + -2.
25
Let o = 495 + -345. Let l = 169 - o. Calculate the remainder when 50 is divided by l.
12
Let x(m) = 3*m**3 + 8*m**2 + 10*m. Let s(b) = b**3. Let l(y) = -2*s(y) + x(y). Let j be l(-8). Let w = j + 167. Calculate the remainder when w is divided by 22.
21
What is the remainder when 1/(4/10077)*(-448)/(-168) is divided by 70?
68
Suppose -15*c - 150 = -17*c. Suppose -23*y - c = -28*y. Calculate the remainder when (-2)/14 + 10/28*118 is divided by y.
12
Let v be (1156/(-85))/(2/(-10)). What is the remainder when v + -3*(-2)/(-6) is divided by 24?
19
What is the remainder when 2781 is divided by ((-2)/(-4)*10)/((-85)/(-408))?
21
Let u be 622/14 - ((-228)/(-42) - 6). Calculate the remainder when 105 is divided by u/(-12)*(-312)/65.
15
Let r = 320 - -496. Suppose -14*f + r = 88. What is the remainder when f is divided by 14?
10
Let l(k) = -81*k - 1184. What is the remainder when 94 is divided by l(-15)?
1
Let r be (4/4)/((-315)/40 + 8). Suppose -404 = r*u - 2564. Calculate the remainder when u is divided by 68.
66
Let k(o) = -91*o + 10041. What is the remainder when k(70) is divided by 6?
5
Let k(q) = 5*q**2 + 7*q + 28. Let m be k(-4). Let d = m - 60. Calculate the remainder when (22/6)/(2/42) is divided by d.
17
Calculate the remainder when 648 is divided by 1*(-1)/(-4)*436.
103
Let j(w) = -w**3 - 8*w**2 - 9*w + 5. Let l(b) = 27*b + 182. Let x be l(-7). Calculate the remainder when 109 is divided by j(x).
14
Suppose -1035 - 785 = -14*g. Calculate the remainder when g is divided by 19.
16
Calculate the remainder when 95 is divided by (324/(-8))/((-68)/136).
14
Let k be (24/(-32))/(1/(-16)). Let c = k + -10. Let s(f) = 2*f**3 - 3*f**2 + 2. What is the remainder when 11 is divided by s(c)?
5
Let s = 14 - 7. Let m be 3 + 220/30*3/2. Calculate the remainder when (-166)/(-3) + m/(-42) is divided by s.
6
Let m(d) = d**2 - 11*d - 34. Let o be m(14). Let i be 1/(-3 + 20/o). What is the remainder when (-3)/(-1) + (i + 24 - 2) is divided by 8?
7
Let z be (-2)/((8/80)/((-1)/4)). Suppose 4*u - 9 - 23 = -z*m, 2*m + 8 = u. Suppose -g = -u*g + 126. Calculate the remainder when 53 is divided by g.
17
Let w(v) be the first derivative of 7 - 9/2*v**2 - v - 1/3*v**3. What is the remainder when 18 is divided by w(-8)?
4
Suppose 4*o - 55 = 5. Let z(f) = -f**2 + 10*f + 111. Calculate the remainder when z(o) is divided by 19.
17
Let o(x) = -1264*x - 17. Let v be o(-2). Suppose 9*j = 1197 + v. Calculate the remainder when j is divided by 59.
58
Let d(g) = 2*g + 4. Let c be d(17). Suppose 24 = 4*h + 16, 3*h + c = 2*u. Suppose 0 = 4*x - 5*x + 83. Calculate the remainder when x is divided by u.
17
Suppose 3*c + 4*d - 84 = 0, -22*c - 140 = -27*c - 5*d. Suppose -11*k + 9*k = -128. Calculate the remainder when k is divided by c.
8
Let f be (10/8)/(2/8). Suppose 0*r - 29*r - 159 + 391 = 0. Suppose -r*u - f*u + 377 = 0. What is the remainder when 43 is divided by u?
14
Suppose 1582*a = 1140*a + 19890. What is the remainder when (-4827)/(-12) - 1/4 is divided by a?
42
Suppose -3*l + 2*u = -122, 0 = 2*l + 2*u - 78 + 10. Let g = 161 - 101. Suppose -59*v - 111 = -g*v. What is the remainder when v is divided by l?
35
Suppose 264 + 216 = 6*q + 18*q. Calculate the remainder when 185 is divided by q.
5
What is the remainder when 82 is divided by (30/(-18) - 0)*192/(-80)?
2
Let c = -651 - -847. Suppose 570 - c = 11*g. Calculate the remainder when 197 is divided by g.
27
Suppose 0 = -0*d - 4*d - 48. Let z(l) = l**2 + 7*l - 36. Calculate the remainder when 65 is divided by z(d).
17
Supp